5. Let v(i) = 55*i - 165*i + 58*i + 54*i - 62. Let j be v(30). Calculate t(j).
-9
Let q(n) = n**2 - 21*n + 63. Let w = -38264 - -38275. Give q(w).
-47
Let u(o) = -8*o**2 + 31*o**2 - 18*o - 14*o**2 - 11*o**2 + 12. Let z(x) = -3*x**2 - 27*x + 18. Let n(f) = -8*u(f) + 5*z(f). Let a = -1 - 8. What is n(a)?
-6
Let s be ((-15)/(-75))/((-2)/(-10)). Let d(q) be the second derivative of 19*q**4/12 - q**3/6 - q - 171. What is d(s)?
18
Let b be 2/(-12) + (-7)/(-42) - -42. Suppose b = -40*r + 34*r. Let u(x) = -4*x + 3*x + 3*x + 10. What is u(r)?
-4
Let k(y) be the third derivative of 33*y**4/8 - 114*y**3 + y**2 - y - 51. Give k(7).
9
Let c(a) = 54*a - 5 + 53*a + 91 - 113*a + 63. Calculate c(22).
17
Let b(d) be the first derivative of d**4/4 - 3*d**3 + 17*d**2/2 - 6*d - 4949. Calculate b(5).
-21
Let i(m) = -57*m - 40. Let p(b) = 128*b + 82. Let u(d) = 9*i(d) + 4*p(d). Give u(-7).
-25
Let x = 54 + -42. Let y(u) be the first derivative of -x*u + 8*u**2 - 2*u**2 - 2*u**2 - 10 - 5*u**2. Give y(-8).
4
Suppose 60*s = 55*s + 30. Let c(y) = -s*y + 7*y - 11 + y**2 + 2 + 10 + 9*y. What is c(-7)?
-20
Let r = 65 + -61. Let s(w) be the third derivative of -w**2 - 1/12*w**4 - 1/6*w**3 + 0 + 1/60*w**5 + 0*w. What is s(r)?
7
Let w(m) be the first derivative of m**3/3 + 13*m**2 - 51*m - 1523. Calculate w(-28).
5
Let o(i) = -4*i**3 + 4*i - 2. Suppose 18 = 3*j - 0. Let n(u) = -5*u**3 + j*u - u**2 - u + 5*u - 3 - 6*u. Let h(z) = -5*n(z) + 6*o(z). Determine h(-4).
3
Let n(w) = -w - 12. Let k(x) = 11*x + 148. Let h be k(-14). Let t be ((-8)/h)/((-12)/108). Determine n(t).
0
Let w(q) be the second derivative of 19*q**3/6 + 9*q**2 + 20*q + 23. Determine w(-3).
-39
Let m be (-2)/(-1 - 4/(-12)). Let d(q) = -5 + 9 + m*q**2 - 5*q**2 - 6 - q. Determine d(-3).
-17
Suppose 151*r + 482 = -90*r. Let k(p) = 5*p**2 + 2*p + 2. What is k(r)?
18
Let k(l) = -l - 8. Let y be k(-11). Let w be (-14)/6 - 4/6. Let i be (y - w)*(-4)/(-24). Let t(v) = 4*v. What is t(i)?
4
Let d(w) be the second derivative of -5*w**4/12 + 35*w**3/6 - 15*w**2/2 - 9*w + 122. Determine d(7).
-15
Let t(i) be the first derivative of -3*i**2/2 - 11*i - 2519. Calculate t(6).
-29
Let w(l) = 4*l + 70. Suppose 7*d + 99 = -5*k + 11*d, -4*k = d + 54. Determine w(k).
10
Let b(a) be the third derivative of a**4/24 + 53*a**3/6 - 22*a**2 + 27. Give b(-46).
7
Let t(c) = 11 - c + 0*c - 1. Suppose 37*u - 69560 = -69338. Determine t(u).
4
Let s(j) = 3 + 4 + 7 + 0 - 19 - j. Let y(o) = -o**2 - 11*o - 10. Let w be y(-10). Determine s(w).
-5
Let s(o) = 6*o**2 + 37*o + 1. Let a(b) = 55*b**2 + 352*b + 9. Let q(i) = -2*a(i) + 19*s(i). Give q(-3).
40
Let w(h) = -2*h - 1. Let t be 13 - 13 - 99/1. Let o = -92 - t. Calculate w(o).
-15
Let d = 208 + -220. Let k be (-9 - -3)/d*-2. Let h(q) = -24*q. Calculate h(k).
24
Let a(q) = -q**3 - 25*q**2 - 16*q + 193. Let n be a(-24). Let z(b) = 19*b**3 + b**2. Give z(n).
20
Let y = -341 - -343. Let x(j) = 0 + 31*j**2 + 0 - 18*j**y + 3 - 12*j**2 - 2*j. Determine x(4).
11
Suppose 4*s + 47*m - 51*m = -28, 229 = 5*s - 49*m. Let k(u) = -2*u - 25. Let d(b) = -b - 13. Let x(n) = -5*d(n) + 3*k(n). What is x(s)?
3
Let h(g) = -3*g**2 - 9*g + 11. Let d(t) = 2*t**2 + 9*t - 10. Let b(i) = 4*d(i) + 3*h(i). Suppose 370 - 2507 - 735 = -359*y. Give b(y).
1
Let v(m) = -18*m**2 + 13*m**2 - 7 - 163*m**3 - 16*m**2 + 162*m**3. Determine v(-21).
-7
Suppose o = 2*u + 6*o - 9, 5*o = 5. Suppose -2*p = 10, 3*p = -u*k - 48 + 11. Let n(a) = a**3 + 10*a**2 - 12*a - 9. Determine n(k).
2
Let o(f) = 4*f**2 + 6 + 4 + 5 + f + 1. Let t(w) = -w**2 - 4. Suppose -9*b + 14*b = 4*i + 33, 5*b - 23 = -i. Let h(d) = i*o(d) - 9*t(d). Determine h(4).
12
Let x = -2 - -13. Let a(p) = p**3 - 11*p**2 + 2*p - 16. Let u be a(x). Let c(i) = 5*i + i + 8 - u + i**2. Give c(-6).
2
Let o(g) = 2*g - 4. Let l(s) = -s**3 - s**2 + 3. Let v be l(0). Let i(d) = 6*d - 16. Let k be i(v). Let f be 46/(-16) - k/16. Give o(f).
-10
Let h(w) be the second derivative of w**3/2 - 5*w**2/2 + 3278*w. Let x(b) = -b - 3. Let i be x(3). What is h(i)?
-23
Let l(x) be the first derivative of -5*x**2/2 - 265. Suppose -2*s + 6*c = c + 4, 5*c = 0. Determine l(s).
10
Let f = 254 - 217. Let a(u) = -f + 2*u + 18 - 4*u + u. Suppose 5*l - 7 = -p, l = 2*p - p + 11. Calculate a(p).
-11
Let s(p) = -p**2 - 13*p - 49. Let g be s(-7). Let x(h) = 20 - 69 - h**2 + 25 - 10*h + 18. What is x(g)?
15
Let t(s) be the third derivative of -s**5/60 + 9*s**4/8 - 11*s**3/6 - 77*s**2 + 2. Calculate t(27).
-11
Let z(b) be the second derivative of -b + 1/2*b**4 + 0 + 1/3*b**3 - 1/20*b**5 - 1/2*b**2. Let a(o) = -o**3 - o**2 + o + 6. Let v be a(0). Determine z(v).
11
Let n(h) = 674*h**2 - 8*h - 52. Let m(i) = 71*i**2 - i - 6. Let t(b) = 19*m(b) - 2*n(b). Give t(5).
0
Suppose t + 4*h - 22 = 0, 5*t + 0*t - 4*h = 14. Let q be 88/20 + -4 + (-196)/(-10). Let i(x) = x**3 + 0*x**3 + 10*x - 5*x**2 - q*x + 8 + 3*x. Determine i(t).
2
Let k(w) = w + 4. Let h(c) = 3*c + 13. Let p(l) = -2*h(l) + 7*k(l). Suppose -12*b + 90 = 18. Let s be -3 + 25*b/30. What is p(s)?
4
Suppose -8*d = 20 - 76. Let w(j) = 9 + j**3 + 1013*j + j**2 - 1014*j + d. Give w(0).
16
Let g(y) be the third derivative of y**6/120 - y**5/20 + y**3/6 - 680*y**2. Determine g(2).
-3
Let w(r) be the third derivative of 1/180*r**6 + 0*r - 1/60*r**5 + 0 + 1/12*r**4 + 0*r**3 + 15*r**2. Let c(y) be the second derivative of w(y). What is c(4)?
14
Let v be 7/(7/2) + -4. Let u be 32/(-144) - (-20)/9. Let f(i) = -4*i**2 + 12*i - 11*i - i**3 + 1 + u*i**2. Calculate f(v).
-1
Suppose -5 - 31 = -12*a. Let o(m) = m + 1. Let t(k) = k**2 - 3*k + 8. Let g(h) = 3*o(h) - t(h). Determine g(a).
4
Let k(w) = -w**2 + 7*w - 2. Let r(v) = -2*v**2 + 15*v - 3. Let j(t) = 4*t**3 - t**2 - t. Let i be j(-1). Let h(a) = i*r(a) + 9*k(a). Give h(4).
-10
Let b(w) = -7*w - 11. Let v(o) = -2 - 24*o + 13*o + 10*o. Let u(i) = -b(i) + 6*v(i). What is u(6)?
5
Let u(o) be the third derivative of -o**5/60 + 7*o**4/24 - 7*o**3/6 + 15346*o**2. Suppose 2*n = -2*n - 3*q + 20, -3*n = 4*q - 8. Calculate u(n).
-15
Let j(q) = -8 + 0 + 2*q + 2. Let n be -2 + -3 + 34 + -1. Suppose -41*v + 52 = -n*v. Calculate j(v).
2
Let j(h) = -18*h - 2. Suppose 7*i + 3*c + 53 = 0, -3*c + 24 = -4*i + 22. Calculate j(i).
88
Let p = -422 - -434. Let w(q) = 2*q**2 - 5*q + 3*q + 4*q + 15 - 4 - p. Calculate w(-5).
39
Let r(m) be the first derivative of m**2/2 + 4*m - 10. Let k(v) = v + 1. Let s(p) = 7*k(p) - 2*r(p). Give s(3).
14
Let n(x) = 0 - 1 - 4*x - 4 + 7. Let p(c) = -14*c + 1509. Let r be p(108). What is n(r)?
14
Let o(k) be the first derivative of -12 - k - 1/6*k**3 + 1/2*k**2. Let f(j) be the first derivative of o(j). Determine f(0).
1
Let g = 264 + -265. Let o(b) = -b**2 - b. Let i(c) = -3*c**2 + 15*c. Let u(r) = g*i(r) - 15*o(r). Calculate u(-1).
18
Let h = 29044 - 29033. Let j(n) = 16*n**3 - 55*n**2 + 11*n - 16. Let s(x) = -3*x**3 + 11*x**2 - 2*x + 3. Let d(b) = 2*j(b) + 11*s(b). Determine d(h).
1
Let p(o) = -229*o**2 + 76*o**2 + 77*o**2 + 79*o**2 - 5 + 4*o. Determine p(1).
2
Let t(z) = z + 5. Suppose 4*u - 1 - 39 = -4*v, 3*u = 2*v - 20. Let f(q) = -2*q - 9. Let j(a) = 2*a + 2. Let y(w) = 4*f(w) + 5*j(w). Let k be y(v). What is t(k)?
-1
Let q(z) = 7*z - 2. Let n(g) = 3*g. Let u = -141 - -143. Let f(p) = u*q(p) - 6*n(p). Give f(4).
-20
Let w(y) = 65030 - 32517 + y**2 - 32495 + 18*y. Give w(-16).
-14
Suppose 8 = -4*h - v, 3*v - 8 = -2*h - 2. Let p(u) = -u + 5. What is p(h)?
8
Let n be 12/18 + (-50)/(-6). Let y(r) = 8*r - 4 + 13*r**2 - r**3 - r**2 - 4*r**2. Calculate y(n).
-13
Let m(n) = -14*n - 8. Suppose 0 = -5*f - 25 - 30. Let j(t) = -5*t - 3. Let k(p) = f*j(p) + 4*m(p). Let s = 14428 - 14436. Give k(s).
9
Let m(t) = 9 - 6*t**2 - 158116*t + 79066*t - 2*t**3 + 79058*t. What is m(-4)?
9
Let q(c) = 8*c**2 + c - 1. Let d(w) = 41*w - 133. Let x be d(10). Let v = 278 - x. Determine q(v).
8
Let w(j) = -j**3 + 8*j**2 - 7*j + 3. Suppose -55*v + 2331 = -34*v. Suppose -2*t - 22 = 186. Let h = t + v. Calculate w(h).
3
Let q(r) = r**3 + r**2 - 4*r - 2. Let w = 21 - 85. Let y = -45 - w. Suppose -21*v - 6 = -y*v. Determine q(v).
-8
Let t(l) = 4*l - 3. Let h(k) be the second derivative of -k**3/6 + k**2/2 - 2*k - 6. Let r(a) = -3*h(a) - t(a). Let u be (1 + 0)/((-5)/(-5)). What is r(u)?
-1
Let i(g) be the first derivative of -1/40*g**5 + 5/2